y - 4*j - x = -3*y, 0 = j. What are the prime factors of y?
2, 3
Let u = 81 + -33. What are the prime factors of u?
2, 3
Let h = -10 + 5. What are the prime factors of (-33)/h - (-9)/(-15)?
2, 3
Let q(j) = 3*j - 2. Suppose -g + 6*g - 26 = 2*v, 5*g + 4*v = 8. List the prime factors of q(g).
2, 5
Let n = -5 + 0. Let r = -3 - n. Suppose r*s - s = 9. List the prime factors of s.
3
What are the prime factors of 1259/13 - 4/(-26)?
97
Suppose 0 = -5*p + 200 + 285. What are the prime factors of p?
97
Let y(n) = -n**2 - 14*n - 9. What are the prime factors of y(-5)?
2, 3
Let q(b) = 10*b - 10. What are the prime factors of q(10)?
2, 3, 5
Suppose r = -4*h + 7, 3*r + 4 + 1 = h. Suppose -h*c + 78 = -5*c. Let a = -14 - c. What are the prime factors of a?
2, 3
Let s(o) = 355*o**3 + o**2 - 2*o + 2. List the prime factors of s(1).
2, 89
Let g = -14 - -17. Let r = g + 3. List the prime factors of r.
2, 3
Suppose w + 36 = 3*o, -o = -5*w + 6 - 32. Suppose -14 = 3*d + l, d = 4*d - 4*l - 11. Let b = d + o. What are the prime factors of b?
2
Let o(j) = -j**3 + 7*j**2 + j - 4. Let k be o(7). Let y be k/(-3) + -1 + 8. Let g = y + -4. What are the prime factors of g?
2
Let f(n) = n + 5. Let u be f(-5). Suppose -2*c + 14 + 20 = u. Let i = c + -8. What are the prime factors of i?
3
Suppose 3*x - 11 = v - 0*v, 5*x = 10. Let p = 1 - v. Suppose -b = -p*b + 30. What are the prime factors of b?
2, 3
Let v(m) = -m**3 - 2*m**2 - 5*m - 11. What are the prime factors of v(-5)?
89
Suppose 11*k = 13*k - 28. Suppose -w = -21 - k. What are the prime factors of w?
5, 7
Let s be -10 - 2*9/(-6). Let k(j) = -j**2 - 6*j + 9. Let b be k(s). List the prime factors of b*26*3/12.
13
Suppose -l + 0*l = -53. List the prime factors of l.
53
Suppose n + 25 = 6*n. Suppose 3*l - 8*l = -c - 109, -n*c = -4*l + 83. What are the prime factors of l?
2, 11
Let c(a) = 4 + 3*a + a**3 + 3*a - 2 - 7*a**2. Let n = -2 - -8. List the prime factors of c(n).
2
Suppose 3*v = 4*h - 255, -h + 19 + 40 = 4*v. List the prime factors of h.
3, 7
Let n be 2/(-18)*-3*-15. Let r = 22 + n. What are the prime factors of r?
17
Suppose 4*y = 7 + 1. Suppose 3 = y*t - t. Let h(j) = -j**3 + 6*j**2 - 3*j - 4. What are the prime factors of h(t)?
2, 7
Let i be ((-16)/20)/(2/10). Let r(j) = -4*j - 12. What are the prime factors of r(i)?
2
Let i be 5*6*(-3)/30. Let m(o) = o**2 + 3*o + 4. What are the prime factors of m(i)?
2
List the prime factors of (-4 + (-110)/(-12))*6.
31
Let f = -61 - -80. List the prime factors of f.
19
What are the prime factors of (-5)/(-5 + (-1554)/(-312))?
2, 5, 13
Let r(d) be the first derivative of d**4/4 - d**2/2 + 7*d + 2. Let i be r(0). Let m = -5 + i. List the prime factors of m.
2
Let c = -533 - -784. What are the prime factors of c?
251
Let q(v) = 2*v**3 - 3*v**2 - 4*v + 1. Let l(t) = t**3 - t. Let x(i) = -6*l(i) + 2*q(i). What are the prime factors of x(-4)?
2, 3, 7
Let x(d) = -d**3 - 9*d**2 - 7*d + 2. Let u be x(-8). Let h = u - 6. Let m = h - -17. List the prime factors of m.
5
Suppose 0 = 2*c + 3*c + g - 23, g = 4*c - 13. Let t = -2 + c. Suppose -y = -6*y + t*k + 56, 6 = -2*k. List the prime factors of y.
2, 5
Let s(a) = -2*a**2 - 3*a + 4. Let h be s(-3). What are the prime factors of 10 - (-2)/(3 + h)?
3
Let d be (-10 + 4)/(6/(-4)). Suppose 8 = d*h - 8. Suppose h*b - 27 = 29. List the prime factors of b.
2, 7
Suppose -9*i + 6*i = 0. Suppose 0 = -5*l - i*l + 185. What are the prime factors of l?
37
Let i be (6 + -3)*40/(-6). Let s = 30 + i. What are the prime factors of s?
2, 5
Suppose 0 = -2*t + 5*g + 3 - 25, 5*g = t + 16. Let n be 51 - (t/3 - -1). List the prime factors of (5/(10/n))/2.
13
Suppose -13*l = l - 182. What are the prime factors of l?
13
Let s(v) be the second derivative of -v**4/12 - 3*v**3/2 + v**2 + v. Let q(j) be the first derivative of s(j). What are the prime factors of q(-9)?
3
Suppose -7*i + m = -2*i - 107, 48 = 2*i - 3*m. List the prime factors of i.
3, 7
Let m(s) = -2*s - 15. Let l(q) = 5*q + 29. Let b(k) = -3*l(k) - 7*m(k). List the prime factors of b(-6).
2, 3
Let f(r) = -r**2 - 2*r - 6. Let w(q) = -q**3 - q - 1. Let v(j) = -f(j) + w(j). What are the prime factors of v(0)?
5
Let s = 20 - 22. What are the prime factors of 24*6/(-8)*s?
2, 3
Let m be (-486)/(-10) - 4/(-10). Let c be (-4)/(-2) + -2 - -3. Suppose c*s + 0*s - m = y, -84 = -5*s + 4*y. List the prime factors of s.
2
Suppose -5*v + 263 = 5*p - 317, -122 = -v - 4*p. Let r = -78 + v. List the prime factors of r.
2, 3
Let s = 4 - -5. What are the prime factors of s?
3
Suppose w - 2*w + 115 = -g, g = 2*w - 227. What are the prime factors of w?
2, 7
Suppose 5*s - 3*s = 10. Suppose s*o + 4*l = 21, o - 2*l = -3*o + 22. Suppose -3*k + 3 = p - 4*k, o*p + 4*k = 15. List the prime factors of p.
3
Let n(m) = m**3 - 4*m**2 - 9*m + 1. List the prime factors of n(6).
19
Let b be (3 + -2*2)*1. Let a(i) = -36*i**3 + i**2 - 1. Let f be a(b). Suppose 3*t - 3*q - 30 - f = 0, 2*t - q - 39 = 0. List the prime factors of t.
17
Suppose -5*d + 502 = 37. Suppose l + 2*l = d. What are the prime factors of l?
31
Let t = -89 - -173. What are the prime factors of t?
2, 3, 7
Suppose -4*t = 5 + 11. Let d(n) = -n**3 - 3*n**2 + 2*n - 3. Let g be d(t). Suppose 3*r - 17 = -g. What are the prime factors of r?
2
Suppose 0*x = 3*x - 111. What are the prime factors of x?
37
Let r(h) = h**3 - 6*h**2 + h. Let f be r(6). Suppose -6 - f = 2*j - 4*x, 3*j - 4*x = -10. Suppose j*i + i = 36. List the prime factors of i.
2, 3
Suppose -4*j = -j - 3. Suppose -5*k - 21 = -j. Let b(q) = -q**2 - 6*q - 1. What are the prime factors of b(k)?
7
Let h(y) be the second derivative of 1/20*y**5 + 1/2*y**2 + 3/4*y**4 + 7/6*y**3 + 0 + 2*y. What are the prime factors of h(-8)?
3
Suppose 0*p - 4*k = 4*p - 36, 0 = -2*p - 4*k + 12. List the prime factors of p.
2, 3
Let n(s) = 46*s + 73. List the prime factors of n(6).
349
Let m(n) = n**2 + 2*n - 1. Let g be m(-4). Suppose 0 = -g*z + 4*z + 126. What are the prime factors of z?
2, 3, 7
Let d(s) = s**3 - 5*s**2 + 2*s - 3. Let m = -13 + 18. List the prime factors of d(m).
7
Suppose -3*m - m - 3*y = -13, 0 = 5*m + 3*y - 17. What are the prime factors of m?
2
Let m(a) = 0*a**2 + 5 - 2*a**2 + 3*a**2 + 4*a + 1. What are the prime factors of m(-4)?
2, 3
Suppose -4*p + 14 = -2*g, -2*p - 5*g + 0 = -1. Suppose -h - p - 1 = 0. Let u(d) = 2*d**2 + 4*d - 2. List the prime factors of u(h).
2, 7
Let y be (72/27)/((-2)/(-3)). Suppose -q + y*q - 87 = 0. List the prime factors of q.
29
Let y = -8 + 6. Let j be ((-6)/4)/(y/4). Let f(k) = k**2 - k + 1. List the prime factors of f(j).
7
Let g(z) be the first derivative of z**3/3 + z**2/2 + z + 3. What are the prime factors of g(-2)?
3
Let h(m) be the second derivative of -1/3*m**4 - m + 2*m**2 - 1/2*m**3 - 1/20*m**5 + 0. List the prime factors of h(-4).
2
Let u(h) = -h**3 + 4*h**2 + 6*h - 1. List the prime factors of u(4).
23
Suppose 2*t - 10 = 2*f, -3*f - 35 = -7*t + 2*t. Let j = 6 + -5. Let g = t + j. List the prime factors of g.
11
Let r = -113 + 345. List the prime factors of r.
2, 29
List the prime factors of 80/6 + 6/(-18).
13
Suppose 0 = 3*o + 2*o - 40. Let n = o + -5. Suppose 4*p - n*p = -2, -39 = -3*y - 3*p. What are the prime factors of y?
3, 5
Let u(o) = o**2 - 3*o + 2. Let y be u(8). Suppose 4*a - y = -2*n, 3*n - 8*n = 2*a - 17. List the prime factors of a.
11
What are the prime factors of (-12)/(-16) + 385/20?
2, 5
Let v(h) = h + 8. Let g be v(-5). Suppose 2*f - g = 41. List the prime factors of f.
2, 11
Let v(t) = t**2 + 6*t - 2. List the prime factors of v(4).
2, 19
Suppose 4*h - 66 = -2*s, -3*s = -2*s - h - 39. List the prime factors of s.
37
Suppose -2*l - 2 = -12. Suppose -25 = l*z + 5. Let b(r) = r**2 + 6*r + 8. List the prime factors of b(z).
2
Let k(b) = -12*b + b**2 + 7*b + 1 + 2. List the prime factors of k(6).
3
Let k(s) = -4*s - 4. Let c(f) = -6*f - 8. Let d(w) = -w. Let m(i) = c(i) + 3*d(i). Let h(u) = 5*k(u) - 2*m(u). What are the prime factors of h(-3)?
2
Let w = 8 + -8. Suppose 3*m - 39 = -w. What are the prime factors of m?
13
Let t = 16 - 5. Let a be 2 + (-2)/2 + t. Suppose a = 5*m - 13. List the prime factors of m.
5
Suppose 0*b = -3*b + 147. Suppose 5*i - 75 = -5*h, h - b = -i - 2*i. List the prime factors of i.
17
Let r(k) = 2*k**2 - 2*k - 10*k + 2 - 3*k**2 + 6. W